ite?
False
Let f = 470 + -322. Suppose j + 0*y + 5*y = 13, y - 8 = -2*j. Suppose q + j*q = f. Is q composite?
False
Suppose 1 = -3*i - 4*w, 3*w + w - 20 = 0. Let s(g) = 3*g**2 + g - 2. Let q be s(i). Suppose 2*n + 5*p - q = 0, 0 = -n - 3*p + 5 + 62. Is n a prime number?
True
Let w(b) = -5*b**2 - 9*b - 10. Let h be w(-3). Let z = h - -155. Is z composite?
False
Let t be (-1)/(-3) + (-104)/(-12). Let f = 9 - t. Let w(x) = -x + 127. Is w(f) composite?
False
Let k(w) = -w**2 + 8*w - 6. Let j be k(6). Is (-3275)/(-2) - j/(-4) composite?
True
Let y = -12 - -7. Let q(x) = 14*x**2 - 2*x - 2. Let u be q(y). Suppose -3*m = -u - 113. Is m a composite number?
False
Let m(s) = 2*s - 5. Let l be m(7). Let q = -13 + l. Is 12/(-3)*83/q a prime number?
True
Let k(j) = -j**3 + 8*j + 3. Let u be k(-3). Suppose -5*g - 1861 = -u*g. Is g a prime number?
True
Suppose -2*l - 67 = 233. Let n = l - -1319. Is n a composite number?
True
Let r(k) = 2*k**3 - 92*k**2 + 59*k - 112. Is r(47) a prime number?
True
Suppose -2*b + 2 = 2*a, 3*a = -5*b + 2 + 9. Let v = -129 - -141. Suppose 3*s = -4*w + 143, -w - b*s + v + 14 = 0. Is w composite?
True
Let f(u) = -2*u - 247. Let b(g) = -6*g - 741. Let a(v) = 2*b(v) - 7*f(v). Is a(0) prime?
False
Let i be 1 - (-135 - 2/1). Let p be i/(-9)*-3*3. Suppose 5*c - 52 - p = 0. Is c a composite number?
True
Suppose -9*n = 12*n - 96789. Is n composite?
True
Suppose c - 5*c = -64. Suppose 2*a - a - c = 0. Suppose 220 = 4*u - a. Is u a composite number?
False
Suppose 0 = -3*t - 12, -6*z + 3*z = 2*t - 10. Suppose 4*j = z*j - h - 1316, 0 = -2*j - 4*h + 1326. Is j prime?
True
Let q = 151 + 2. Suppose 5*u - q = 3352. Is u a prime number?
True
Let v be (-740)/8 - (-2)/(-4). Let p = -31 - v. Let r = p - -3. Is r prime?
False
Suppose 5*a - 38 = -33. Let o(h) = -2*h + 10*h + 7*h + 2*h + 2*h**2 - a. Is o(14) a composite number?
True
Suppose 12 = 3*t, -r - t = -0*r - 110. Let z = 43 - 38. Suppose 28 = 5*n + 3*i - 79, -z*n = 4*i - r. Is n composite?
True
Let u = -5949 - -13280. Is u prime?
True
Let m(a) = a**3 - 2 + 2*a**2 + 6*a**2 - 8*a + 1 - 10*a. Is m(-8) prime?
False
Suppose 4*w + a - 5427 = 2*a, -3*a + 1360 = w. Suppose -12*y = -13*y + w. Is y prime?
False
Let u = -57 - -33. Let v = 11 - u. Let c = v + 2. Is c a composite number?
False
Let z(n) = n**3 - 10*n + 2. Let s be z(-3). Suppose -3*t + 9 = 0, 4*t = 7*v - 2*v - 1768. Suppose r - s*r = -v. Is r a prime number?
True
Let z(x) = -477*x - 26. Is z(-5) a composite number?
True
Let o(i) = -5*i**2 - i + 27. Let r(h) = -10*h**2 - 3*h + 53. Let n(q) = -5*o(q) + 2*r(q). Is n(12) a composite number?
True
Let s = 66026 + -42885. Is s a composite number?
True
Let w = 3962 - 505. Is w a prime number?
True
Let n be 66/10 - 3/5. Let o = n - 9. Is 293*(o + 4 + 0) a prime number?
True
Suppose 0 = -3242*r + 3239*r + 3219. Is r a prime number?
False
Let z(p) = 267*p - 2. Is z(1) a composite number?
True
Suppose 0 = -5*l + 7*l - 3*j + 22, -5*j = -5*l - 45. Let i(x) = -3*x**2 + 4*x - 5. Let v be i(5). Is -3*l/(v/(-676)) a prime number?
False
Let a be (3 + 0 + -3)*1. Suppose 0 = c + 2*c + 5*z - 2025, a = -3*c - 3*z + 2019. Let k = c - 419. Is k a prime number?
True
Suppose 3 = -p - 17. Let i be (-28)/(-168) - (0 + (-307742)/(-12)). Is i/p + 6/8 a prime number?
True
Is 1423/((-8 + 5)/(-3)) prime?
True
Suppose 1245 = 2*r + 91. Suppose -4*a = -3*q + r, 739 - 3 = 4*q + 3*a. Is q composite?
True
Let n(d) = -162*d**3 - 2*d**2 + 6*d - 11. Is n(-4) a composite number?
False
Let l(g) = g**3 + 5*g**2 - g - 5. Let r be l(-5). Suppose r*d + 5*d - 10225 = 0. Suppose -c = -6*c + d. Is c a composite number?
False
Suppose -4*z + m + 22 = 0, -3*z + 5*m + 0 + 8 = 0. Let x be (16/3)/(z/(-18)). Is 4/x*2*-1222 composite?
True
Is (-5)/15 + ((-44300)/(-3))/5 composite?
False
Suppose 8*s = 39392 + 12752. Is s prime?
False
Suppose 4*a = -10096 + 30860. Is a a composite number?
True
Suppose -s + 131 + 387 = 5*a, 2*a - 5*s = 218. Let o = a + 87. Is o composite?
False
Let v(d) = -d + 13. Let s(k) = 12*k + 1. Let q be s(1). Let r be v(q). Suppose -3*u + 3*j = -r*u - 270, -81 = -u - 2*j. Is u composite?
True
Let g(k) = -8*k - 7. Let i(t) = 16*t + 14. Let o(x) = 5*g(x) + 3*i(x). Is o(5) a composite number?
False
Let x be (1 - 1) + 1 + 2. Suppose 4*h = -8*d + x*d + 2540, -3*h = 5*d - 1905. Is h prime?
False
Suppose 5*i = 3*i + 774. Suppose -611 = -2*s + i. Is s a prime number?
True
Let b = -24 - -20. Is 6/b*1918/(-3) a prime number?
False
Let x(w) = -1043*w**3 + w**2 - 2*w - 4. Is x(-1) a composite number?
True
Suppose 28*q + 2975 = 33*q. Suppose d - q = 4*w, 7*w - 2*w + 10 = 0. Is d a prime number?
True
Let w = -2982 - -4793. Is w prime?
True
Let w(h) = h**3 + 9*h**2 + 8*h + 2. Let q be w(-8). Is 10/(-20)*(-148)/q a composite number?
False
Let a(u) = -1947*u + 275. Is a(-14) composite?
True
Is -53 + 21107 + (-1 + 11)/2 prime?
True
Let c(i) = 103*i - 3. Let x = -11 - -14. Suppose -3 = y + 5*a, -x = -3*a + 6*a. Is c(y) prime?
False
Suppose 354850 = 19*r - 529771. Is r prime?
True
Suppose -5*m = -3*m - 134. Let b(g) = -g + 10. Let q be b(7). Suppose 2*f - q*f = -m. Is f a prime number?
True
Let h(u) = -u**2 + 1459. Is h(0) prime?
True
Let w be (35781/(-15) + 1)/(4/(-10)). Suppose -23*b - w = -26*b. Is b composite?
False
Let c = 89253 + -56144. Is c composite?
True
Suppose -6*d = 9021 + 3813. Is 16/(-24) - d/9 a composite number?
True
Let v(b) = b**3 + 11*b**2 + 7*b + 2. Let o be v(-10). Suppose 36*t - o*t = 3404. Is t a prime number?
False
Let n(z) = 24*z + 5. Suppose -2*b - 22 = -2*c, -c + 19 = -3*b - 0*b. Let h be 7/(-2)*(-12)/c. Is n(h) a prime number?
True
Let q = 0 + 3. Suppose -2*o - 15 = -q*n, -25 = -2*o - o - 5*n. Suppose b + b - 134 = o. Is b a prime number?
True
Let z(s) = -18*s**2 + 10*s - 11. Let t(d) = -1. Let p(y) = 6*y**2 - 3*y + 8. Let i(h) = -p(h) - 4*t(h). Let q(m) = 11*i(m) - 4*z(m). Is q(5) a prime number?
False
Let p = -224 - -2715. Is p composite?
True
Let o be 7/(1/8*-2). Let q = o - -85. Is q a composite number?
True
Let v(c) = -4*c**3 + 4*c**2 + 2*c - 6. Let f(y) = -y**3 + y**2 + y - 1. Let a(d) = 5*f(d) - v(d). Is a(2) a composite number?
False
Suppose -57 = -3*q - 2*q + 4*w, 4*q - 4*w - 48 = 0. Is -177*q/(-3) - -4 composite?
True
Suppose -13026 = -30*v + 24*v. Is v composite?
True
Let c = -23 - -34. Let f = -1129 + 1731. Let z = c + f. Is z composite?
False
Let t(j) = 528*j**2 - 39*j - 14. Is t(-3) prime?
False
Let p = -22 + 10. Let a be (-3044)/p + 2/6. Suppose y - a = -y. Is y composite?
False
Suppose 0 = 4*n + f - 24, -4*f = -16. Suppose -n*r = 3*q - 31, 2*q - 4*r = -2*r - 6. Is (-6318)/(-22) - q/11 prime?
False
Let z be (7455/(-6))/7*24/10. Let j = z + 1535. Is j prime?
True
Let h(i) = -6*i**3 + 2*i**2 + 5*i - 6. Is h(-5) a composite number?
False
Let b(g) = 39329*g**2 + 50*g - 50. Is b(1) prime?
False
Suppose -2*g - 26 = -3*n, 3*n + 3*g + 37 = 88. Is (-5)/(15/n)*(-1865)/4 a prime number?
False
Suppose 2*d + 4 = -0*d. Let y = d - 7. Let w(i) = -i**2 - 11*i - 7. Is w(y) composite?
False
Is (12603/(-12))/((-3)/(-48)*-4) prime?
True
Let g = -14 - -14. Is g + (-1 - -1) + 479 a composite number?
False
Suppose 0 = -w + 4*w - 15. Suppose 0*m + w = -m. Is (382/4)/(m/(-10)) a composite number?
False
Let l(t) = -76*t + 59. Suppose -82 = 5*k - 3*b, -1 = -5*b - 6. Is l(k) prime?
False
Let f = 8 + -6. Suppose -h + 0*h = v + 10, 2*h = f*v. Is (v/(-10))/(2/316) composite?
False
Let a(j) = j**3 + 11*j**2 - 12*j + 4. Let p be a(-12). Suppose 5*h = -5*i + 30, 18 + 3 = p*h + 3*i. Suppose h*c + x = 5*x + 389, 4*x = c - 127. Is c prime?
True
Suppose 5*a + 4 = 2*h - 0*h, 5*h + a - 10 = 0. Suppose -7*c - h*c + 2367 = 0. Is c a prime number?
True
Suppose -3*k = -t - 4*k + 627, -2*t = k - 1252. Let y(m) = -m**2 - 8*m - 13. Let h be y(-5). Suppose 5*c - t = -2*v, -h*c - c = 4*v - 361. Is c a prime number?
True
Let o = 49 - 45. Suppose 5*i = o*j - 5777, 5*j - 5*i = 7977 - 762. Is j prime?
False
Let h be -10*(3 - (-34)/(-10)). Suppose h*q + q = 60. Is 607/3 - q/9 a prime number?
False
Suppose -2*o + 3*t - 2*t + 7 = 0, -3*o - 5*t + 4 = 0. Suppose 3*i = a - 5*a + 139, -3*i + 138 = o*a. Let g = i - 22. Is g a prime number?
True
Let v be (35/10)/((-1)/1822). Let r = -3598 - v. Is r a composite number?
True
Let o = -600 + 9487. Is o a composite num